{"id":110,"date":"2019-01-15T21:27:27","date_gmt":"2019-01-15T20:27:27","guid":{"rendered":"http:\/\/tapas.cafe\/wordpress\/?page_id=110"},"modified":"2026-04-08T13:09:15","modified_gmt":"2026-04-08T11:09:15","slug":"oeffnungszeiten","status":"publish","type":"page","link":"https:\/\/www.momentos.de\/?page_id=110","title":{"rendered":"\u00d6ffnungszeiten"},"content":{"rendered":"\n<p class=\"has-text-align-center\"><mark style=\"background-color:rgba(0, 0, 0, 0)\" class=\"has-inline-color has-luminous-vivid-orange-color\"><em>* <\/em><\/mark><\/p>\n\n\n<div class=\"wp-block-image\">\n<figure class=\"aligncenter size-full is-resized\"><img data-recalc-dims=\"1\" loading=\"lazy\" decoding=\"async\" width=\"775\" height=\"537\" data-attachment-id=\"785\" data-permalink=\"https:\/\/www.momentos.de\/?attachment_id=785\" data-orig-file=\"https:\/\/i0.wp.com\/www.momentos.de\/wordpress\/wp-content\/uploads\/2025\/09\/Oeffnung-ab110925.jpg?fit=917%2C635&amp;ssl=1\" data-orig-size=\"917,635\" data-comments-opened=\"1\" data-image-meta=\"{&quot;aperture&quot;:&quot;0&quot;,&quot;credit&quot;:&quot;&quot;,&quot;camera&quot;:&quot;&quot;,&quot;caption&quot;:&quot;&quot;,&quot;created_timestamp&quot;:&quot;0&quot;,&quot;copyright&quot;:&quot;&quot;,&quot;focal_length&quot;:&quot;0&quot;,&quot;iso&quot;:&quot;0&quot;,&quot;shutter_speed&quot;:&quot;0&quot;,&quot;title&quot;:&quot;&quot;,&quot;orientation&quot;:&quot;0&quot;}\" data-image-title=\"Oeffnung-ab110925\" data-image-description=\"\" data-image-caption=\"\" data-large-file=\"https:\/\/i0.wp.com\/www.momentos.de\/wordpress\/wp-content\/uploads\/2025\/09\/Oeffnung-ab110925.jpg?fit=775%2C537&amp;ssl=1\" src=\"https:\/\/i0.wp.com\/www.momentos.de\/wordpress\/wp-content\/uploads\/2025\/09\/Oeffnung-ab110925.jpg?resize=775%2C537&#038;ssl=1\" alt=\"\" class=\"wp-image-785\" style=\"aspect-ratio:4\/3;object-fit:cover;width:840px;height:auto\" srcset=\"https:\/\/i0.wp.com\/www.momentos.de\/wordpress\/wp-content\/uploads\/2025\/09\/Oeffnung-ab110925.jpg?w=917&amp;ssl=1 917w, https:\/\/i0.wp.com\/www.momentos.de\/wordpress\/wp-content\/uploads\/2025\/09\/Oeffnung-ab110925.jpg?resize=300%2C208&amp;ssl=1 300w, https:\/\/i0.wp.com\/www.momentos.de\/wordpress\/wp-content\/uploads\/2025\/09\/Oeffnung-ab110925.jpg?resize=768%2C532&amp;ssl=1 768w, https:\/\/i0.wp.com\/www.momentos.de\/wordpress\/wp-content\/uploads\/2025\/09\/Oeffnung-ab110925.jpg?resize=289%2C200&amp;ssl=1 289w\" sizes=\"auto, (max-width: 775px) 100vw, 775px\" \/><\/figure><\/div>\n\n\n<p>Anmeldung Speiseplanverteiler -&gt; Mail an <a href=\"mailto:momentos.stuttgart@gmail.com\">momentos.stuttgart@gmail.com<\/a><\/p>\n\n\n\n<h2 class=\"wp-block-heading\">Geschlossene Veranstaltungen u. Catering<\/h2>\n\n\n\n<p>Bei Anmeldung einer Gruppe von 15 und mehr Personen besteht die M\u00f6glichkeit auch au\u00dferhalb der regul\u00e4ren \u00d6ffnungszeiten zu \u00f6ffnen.<br>Info zum Catering gibt es hier <a href=\"https:\/\/www.momentos.de\/?page_id=209\" data-type=\"page\" data-id=\"209\">(Infos hier klicken)<\/a><\/p>\n\n\n<div class=\"wp-block-image\">\n<figure class=\"alignright is-resized\"><img data-recalc-dims=\"1\" loading=\"lazy\" decoding=\"async\" width=\"300\" height=\"270\" data-attachment-id=\"59\" data-permalink=\"https:\/\/www.momentos.de\/?attachment_id=59\" data-orig-file=\"https:\/\/i0.wp.com\/www.momentos.de\/wordpress\/wp-content\/uploads\/2019\/01\/momentos-logo-ersetzte-farbe-2.png?fit=1257%2C1133&amp;ssl=1\" data-orig-size=\"1257,1133\" data-comments-opened=\"1\" data-image-meta=\"{&quot;aperture&quot;:&quot;0&quot;,&quot;credit&quot;:&quot;&quot;,&quot;camera&quot;:&quot;&quot;,&quot;caption&quot;:&quot;&quot;,&quot;created_timestamp&quot;:&quot;0&quot;,&quot;copyright&quot;:&quot;&quot;,&quot;focal_length&quot;:&quot;0&quot;,&quot;iso&quot;:&quot;0&quot;,&quot;shutter_speed&quot;:&quot;0&quot;,&quot;title&quot;:&quot;&quot;,&quot;orientation&quot;:&quot;0&quot;}\" data-image-title=\"momentos logo ersetzte farbe 2\" data-image-description=\"\" data-image-caption=\"\" data-large-file=\"https:\/\/i0.wp.com\/www.momentos.de\/wordpress\/wp-content\/uploads\/2019\/01\/momentos-logo-ersetzte-farbe-2.png?fit=775%2C699&amp;ssl=1\" src=\"https:\/\/i0.wp.com\/tapas.cafe\/wordpress\/wp-content\/uploads\/2019\/01\/momentos-logo-ersetzte-farbe-2-300x270.png?resize=300%2C270\" alt=\"Momentos Logo\" class=\"wp-image-59\" style=\"width:174px;height:157px\" srcset=\"https:\/\/i0.wp.com\/www.momentos.de\/wordpress\/wp-content\/uploads\/2019\/01\/momentos-logo-ersetzte-farbe-2.png?resize=300%2C270&amp;ssl=1 300w, https:\/\/i0.wp.com\/www.momentos.de\/wordpress\/wp-content\/uploads\/2019\/01\/momentos-logo-ersetzte-farbe-2.png?resize=768%2C692&amp;ssl=1 768w, https:\/\/i0.wp.com\/www.momentos.de\/wordpress\/wp-content\/uploads\/2019\/01\/momentos-logo-ersetzte-farbe-2.png?resize=1024%2C923&amp;ssl=1 1024w, https:\/\/i0.wp.com\/www.momentos.de\/wordpress\/wp-content\/uploads\/2019\/01\/momentos-logo-ersetzte-farbe-2.png?resize=222%2C200&amp;ssl=1 222w, https:\/\/i0.wp.com\/www.momentos.de\/wordpress\/wp-content\/uploads\/2019\/01\/momentos-logo-ersetzte-farbe-2.png?w=1257&amp;ssl=1 1257w\" sizes=\"auto, (max-width: 300px) 100vw, 300px\" \/><figcaption class=\"wp-element-caption\"><br><\/figcaption><\/figure><\/div>","protected":false},"excerpt":{"rendered":"<p>* Anmeldung Speiseplanverteiler -&gt; Mail an momentos.stuttgart@gmail.com Geschlossene Veranstaltungen u. Catering Bei Anmeldung einer Gruppe von 15 und mehr Personen besteht die M\u00f6glichkeit auch au\u00dferhalb der regul\u00e4ren&hellip; <span class=\"read-more\"><a class=\"more-link\" href=\"https:\/\/www.momentos.de\/?page_id=110\" rel=\"bookmark\"><span class=\"screen-reader-text\">&#8222;\u00d6ffnungszeiten&#8220;<\/span> weiterlesen<\/a><\/span><\/p>\n","protected":false},"author":1,"featured_media":120,"parent":0,"menu_order":2,"comment_status":"closed","ping_status":"closed","template":"page-templates\/template-full-width.php","meta":{"jetpack_post_was_ever_published":false,"footnotes":""},"class_list":["post-110","page","type-page","status-publish","has-post-thumbnail","hentry","pique-template-full-width"],"jetpack_sharing_enabled":true,"jetpack_shortlink":"https:\/\/wp.me\/PaBYBk-1M","_links":{"self":[{"href":"https:\/\/www.momentos.de\/index.php?rest_route=\/wp\/v2\/pages\/110","targetHints":{"allow":["GET"]}}],"collection":[{"href":"https:\/\/www.momentos.de\/index.php?rest_route=\/wp\/v2\/pages"}],"about":[{"href":"https:\/\/www.momentos.de\/index.php?rest_route=\/wp\/v2\/types\/page"}],"author":[{"embeddable":true,"href":"https:\/\/www.momentos.de\/index.php?rest_route=\/wp\/v2\/users\/1"}],"replies":[{"embeddable":true,"href":"https:\/\/www.momentos.de\/index.php?rest_route=%2Fwp%2Fv2%2Fcomments&post=110"}],"version-history":[{"count":122,"href":"https:\/\/www.momentos.de\/index.php?rest_route=\/wp\/v2\/pages\/110\/revisions"}],"predecessor-version":[{"id":891,"href":"https:\/\/www.momentos.de\/index.php?rest_route=\/wp\/v2\/pages\/110\/revisions\/891"}],"wp:featuredmedia":[{"embeddable":true,"href":"https:\/\/www.momentos.de\/index.php?rest_route=\/wp\/v2\/media\/120"}],"wp:attachment":[{"href":"https:\/\/www.momentos.de\/index.php?rest_route=%2Fwp%2Fv2%2Fmedia&parent=110"}],"curies":[{"name":"wp","href":"https:\/\/api.w.org\/{rel}","templated":true}]}}

Öffnungszeiten

<p class="has-text-align-center"><mark style="background-color:rgba(0, 0, 0, 0)" class="has-inline-color has-luminous-vivid-orange-color"><em>* </em></mark></p>


<div class="wp-block-image">
<figure class="aligncenter size-full is-resized"><img data-recalc-dims="1" loading="lazy" decoding="async" width="775" height="537" data-attachment-id="785" data-permalink="https://www.momentos.de/?attachment_id=785" data-orig-file="https://i0.wp.com/www.momentos.de/wordpress/wp-content/uploads/2025/09/Oeffnung-ab110925.jpg?fit=917%2C635&amp;ssl=1" data-orig-size="917,635" data-comments-opened="1" data-image-meta="{&quot;aperture&quot;:&quot;0&quot;,&quot;credit&quot;:&quot;&quot;,&quot;camera&quot;:&quot;&quot;,&quot;caption&quot;:&quot;&quot;,&quot;created_timestamp&quot;:&quot;0&quot;,&quot;copyright&quot;:&quot;&quot;,&quot;focal_length&quot;:&quot;0&quot;,&quot;iso&quot;:&quot;0&quot;,&quot;shutter_speed&quot;:&quot;0&quot;,&quot;title&quot;:&quot;&quot;,&quot;orientation&quot;:&quot;0&quot;}" data-image-title="Oeffnung-ab110925" data-image-description="" data-image-caption="" data-large-file="https://i0.wp.com/www.momentos.de/wordpress/wp-content/uploads/2025/09/Oeffnung-ab110925.jpg?fit=775%2C537&amp;ssl=1" src="https://i0.wp.com/www.momentos.de/wordpress/wp-content/uploads/2025/09/Oeffnung-ab110925.jpg?resize=775%2C537&#038;ssl=1" alt="" class="wp-image-785" style="aspect-ratio:4/3;object-fit:cover;width:840px;height:auto" srcset="https://i0.wp.com/www.momentos.de/wordpress/wp-content/uploads/2025/09/Oeffnung-ab110925.jpg?w=917&amp;ssl=1 917w, https://i0.wp.com/www.momentos.de/wordpress/wp-content/uploads/2025/09/Oeffnung-ab110925.jpg?resize=300%2C208&amp;ssl=1 300w, https://i0.wp.com/www.momentos.de/wordpress/wp-content/uploads/2025/09/Oeffnung-ab110925.jpg?resize=768%2C532&amp;ssl=1 768w, https://i0.wp.com/www.momentos.de/wordpress/wp-content/uploads/2025/09/Oeffnung-ab110925.jpg?resize=289%2C200&amp;ssl=1 289w" sizes="auto, (max-width: 775px) 100vw, 775px" /></figure></div>


<p>Anmeldung Speiseplanverteiler -&gt; Mail an <a href="mailto:momentos.stuttgart@gmail.com">momentos.stuttgart@gmail.com</a></p>



<h2 class="wp-block-heading">Geschlossene Veranstaltungen u. Catering</h2>



<p>Bei Anmeldung einer Gruppe von 15 und mehr Personen besteht die Möglichkeit auch außerhalb der regulären Öffnungszeiten zu öffnen.<br>Info zum Catering gibt es hier <a href="https://www.momentos.de/?page_id=209" data-type="page" data-id="209">(Infos hier klicken)</a></p>


<div class="wp-block-image">
<figure class="alignright is-resized"><img data-recalc-dims="1" loading="lazy" decoding="async" width="300" height="270" data-attachment-id="59" data-permalink="https://www.momentos.de/?attachment_id=59" data-orig-file="https://i0.wp.com/www.momentos.de/wordpress/wp-content/uploads/2019/01/momentos-logo-ersetzte-farbe-2.png?fit=1257%2C1133&amp;ssl=1" data-orig-size="1257,1133" data-comments-opened="1" data-image-meta="{&quot;aperture&quot;:&quot;0&quot;,&quot;credit&quot;:&quot;&quot;,&quot;camera&quot;:&quot;&quot;,&quot;caption&quot;:&quot;&quot;,&quot;created_timestamp&quot;:&quot;0&quot;,&quot;copyright&quot;:&quot;&quot;,&quot;focal_length&quot;:&quot;0&quot;,&quot;iso&quot;:&quot;0&quot;,&quot;shutter_speed&quot;:&quot;0&quot;,&quot;title&quot;:&quot;&quot;,&quot;orientation&quot;:&quot;0&quot;}" data-image-title="momentos logo ersetzte farbe 2" data-image-description="" data-image-caption="" data-large-file="https://i0.wp.com/www.momentos.de/wordpress/wp-content/uploads/2019/01/momentos-logo-ersetzte-farbe-2.png?fit=775%2C699&amp;ssl=1" src="https://i0.wp.com/tapas.cafe/wordpress/wp-content/uploads/2019/01/momentos-logo-ersetzte-farbe-2-300x270.png?resize=300%2C270" alt="Momentos Logo" class="wp-image-59" style="width:174px;height:157px" srcset="https://i0.wp.com/www.momentos.de/wordpress/wp-content/uploads/2019/01/momentos-logo-ersetzte-farbe-2.png?resize=300%2C270&amp;ssl=1 300w, https://i0.wp.com/www.momentos.de/wordpress/wp-content/uploads/2019/01/momentos-logo-ersetzte-farbe-2.png?resize=768%2C692&amp;ssl=1 768w, https://i0.wp.com/www.momentos.de/wordpress/wp-content/uploads/2019/01/momentos-logo-ersetzte-farbe-2.png?resize=1024%2C923&amp;ssl=1 1024w, https://i0.wp.com/www.momentos.de/wordpress/wp-content/uploads/2019/01/momentos-logo-ersetzte-farbe-2.png?resize=222%2C200&amp;ssl=1 222w, https://i0.wp.com/www.momentos.de/wordpress/wp-content/uploads/2019/01/momentos-logo-ersetzte-farbe-2.png?w=1257&amp;ssl=1 1257w" sizes="auto, (max-width: 300px) 100vw, 300px" /><figcaption class="wp-element-caption"><br></figcaption></figure></div>

<p>* Anmeldung Speiseplanverteiler -&gt; Mail an momentos.stuttgart@gmail.com Geschlossene Veranstaltungen u. Catering Bei Anmeldung einer Gruppe von 15 und mehr Personen besteht die Möglichkeit auch außerhalb der regulären&hellip; <span class="read-more"><a class="more-link" href="https://www.momentos.de/?page_id=110" rel="bookmark"><span class="screen-reader-text">&#8222;Öffnungszeiten&#8220;</span> weiterlesen</a></span></p>
